e -130*k = -113*k - 68000. What is the units digit of k?
0
Let t be ((5 - -1)/(-6))/1. Let z be 4/(-5)*(-10)/4 - t. Suppose 0*l - 5*l + 314 = -3*k, z*l + 5*k - 202 = 0. What is the tens digit of l?
6
Let i(k) = -42*k - 381. What is the units digit of i(-14)?
7
What is the thousands digit of -11 + 54/5 - (1 - (-54022)/(-10))?
5
Let q(t) = -168*t - 17. Let l be q(4). Let r = l + 1013. What is the units digit of r?
4
Let s(d) = d**3 - 79*d**2 + 1720*d - 41. What is the hundreds digit of s(17)?
2
Suppose -m - 262 = -g + 120, -3*g - m = -1134. Suppose -5861 - g = -6*n. What is the thousands digit of n?
1
Let m(g) = -48*g + 2. Let j be m(2). Let f = j - -57. What is the tens digit of f/(-2)*8/4?
3
Let d(m) be the third derivative of 21*m**2 - 5/12*m**4 + 0 + 0*m + 1/12*m**5 - 3/2*m**3. What is the tens digit of d(7)?
6
Suppose 14*w - 247875 + 51279 = -29*w. What is the tens digit of w?
7
Let s be (9/(-12))/((-2)/8). Suppose 0 = d + s*d + 96. What is the units digit of (-6)/d + (419/4 - 2)?
3
Let x = -104 - -110. Suppose 10 = 11*m - x*m. Suppose 4*u = -3*j + 539, 4*u = m*u - 8. What is the tens digit of j?
8
Let y(w) = 2*w**2 + 142. Let c = 24 + -19. Let z(v) = v**3 - 5*v**2 - 3*v + 15. Let n be z(c). What is the units digit of y(n)?
2
What is the hundreds digit of 2 + 17 - -44923 - 0?
9
Let l(x) = -2*x**2 - 57*x + 32. Let s be l(-29). Suppose 0 = 3*m + 2*m - 25. Suppose 4*a - 365 = -5*j, s*a = -m*j + a + 375. What is the tens digit of j?
7
Suppose 3 = -2*h - 5*b - 3, 12 = -4*h - 3*b. Let p be (1/h)/(2/6). What is the units digit of (1/(-2)*6 - -1)/p?
2
Let b = -129 + 39. What is the tens digit of (-13)/(78/b) + -3?
1
Suppose -3*d = -3, -4*d + 23877 = 103*h - 102*h. What is the hundreds digit of h?
8
Let q be (13/(-39))/((-2)/(-4638)). Let j = q + 1321. What is the tens digit of j?
4
Let p(b) = b**3 - 7*b**2 + 9*b - 14. Let s be p(6). What is the tens digit of (-3 + s)*(2 + 3)*139?
9
Let h(q) = 13*q**2 - 4*q + 2. Let w be h(1). Let l(u) = 2*u + 3. Let o be l(2). Let f = w + o. What is the tens digit of f?
1
Let j(g) = -3*g - 39. Let t be j(-14). Let h be (-6)/t + -63 - -2. Let b = 65 + h. What is the units digit of b?
2
Let j(s) = 27*s + 7. Let t be j(0). Suppose 5*l = 3*m + 3311, 9*m = 4*l + t*m - 2648. What is the hundreds digit of l?
6
Suppose 6*z - 92 + 128 = 0. Let n(d) = 3*d + 4*d + 15 + 9*d + 6*d**2. What is the hundreds digit of n(z)?
1
What is the tens digit of (-1736)/(-155)*2260/4?
2
Suppose 0 = -21*b + 2*b - 209. Let s(j) = -30*j + 34. What is the units digit of s(b)?
4
What is the tens digit of (-6972)/(-231) - (45/(-55) + 1)?
3
Suppose 17*g - 9*g - 3456 = 0. Let d = g - 160. What is the units digit of d?
2
Let d be 2 - (164 + -6 + 0). What is the units digit of (d/(-14))/((-2)/(-154))?
8
Let x(z) be the third derivative of z**5/60 + z**4/8 + 5*z**3/6 + 10*z**2. Let n be x(0). What is the hundreds digit of 189 - ((-1 - 1) + n)?
1
Let q(b) = 3382*b**2 - 34*b + 5. What is the units digit of q(2)?
5
Let x(t) = t**2 + 19*t + 5. Let c be x(-13). Let a = 81 + c. Let j(i) = -i**3 + 12*i**2 - 10*i - 7. What is the tens digit of j(a)?
6
Suppose -41 = 7*g + 414. What is the units digit of (264/(-20))/(26/g)?
3
Let p = 183 + -182. What is the units digit of p/(15/10 - 321/216)?
2
Let f = -40272 - -41753. What is the units digit of f?
1
Let n be -4 + (23 + -5)*4/8. Suppose 2290 = 5*g - 5*d, -n*d = -0*d. What is the units digit of g?
8
Let n be (-6)/(-33) + 2952/(-22). Let i = n + 799. What is the units digit of i?
5
Suppose 49143*d = 49124*d + 519175. What is the units digit of d?
5
Let b be (-9036)/(-378) + (-4)/(-42). Suppose b*s - 27*s = -1182. What is the units digit of s?
4
Suppose 44*x = 40*x + 4. Let i(r) = -1. Let v(m) = -9*m + 1. Let w(t) = x*v(t) + 2*i(t). What is the units digit of w(-4)?
5
Suppose 5*z = 3*t + 93, 4*t - 8*t = -2*z + 26. Suppose 279 = 3*y - z. Suppose 2*a = 3*a - y. What is the units digit of a?
0
Suppose 8*f = 13 + 3. What is the units digit of ((-26)/78)/((-158)/78 + f)?
3
Suppose 4*r + 11 = -q + 4*q, -4 = 2*r. Suppose -10*j = q - 21. What is the units digit of 1*(-3*j - -2) - -147?
3
Let k = -8410 - -15545. What is the thousands digit of k?
7
Let h(p) = 17*p**3 - p. Let i be h(1). Let n be 5 + -139 + i/(-4). What is the hundreds digit of 32/(-2)*n/12?
1
Suppose 10*o - 1793600 = -142*o. What is the tens digit of o?
0
Let h = 100441 + -59838. What is the ten thousands digit of h?
4
Let n(a) = -a**3 + 20*a**2 - 4*a + 83. Let h be n(20). Suppose -226 = -3*g + y, -y + 125 + 105 = h*g. What is the tens digit of g?
7
Let t = 10969 - 7718. What is the tens digit of t?
5
Suppose -4*g = -9*g - 740. Let u = g - -289. What is the tens digit of u?
4
Suppose 3*h = -34*h + 283235. What is the units digit of h?
5
Let i(s) = -6*s**3 + 9*s**2 + 5*s - 6. Let y be (-2 + 1 + (-30)/(-12))*2. Suppose -y*w - t = 5, 0 = 4*t + 2 - 18. What is the tens digit of i(w)?
2
Suppose 1187600 = -1769*d + 1869*d. What is the thousands digit of d?
1
Let m = 5 - -40. Suppose 48*p - m*p - 375 = 0. Suppose -3*y = -5*u + 890, u + 3*y - p = 71. What is the hundreds digit of u?
1
Suppose 148*w + 30718 = 149*w. What is the tens digit of w?
1
Let m = 28283 - 17634. What is the hundreds digit of m?
6
Let o(u) = 146*u - 520. What is the units digit of o(88)?
8
Suppose 6*x + 3*i = 4*x + 9, 12 = 3*x + 3*i. Suppose 5*a - 2855 = -5*f, -672 = -x*a - f + 1045. What is the units digit of a?
3
What is the thousands digit of 103964/(-21)*(-126)/28?
2
Let u(g) = -g**2 + 35. Let v be u(6). Let q(a) = -694*a**3 - a**2 - 2*a - 1. What is the units digit of q(v)?
4
Let x(f) = 26*f**2 - 47*f - 267. Let k(m) = m**3 + 5*m**2 + 22*m + 104. Let n be k(-5). What is the hundreds digit of x(n)?
9
Suppose -9*c + 21*c = -5184. Let h = c + 927. What is the tens digit of h?
9
Let n(g) = 22*g**2 + 32*g - 66. Let c be n(11). Suppose -y - 157 = -5*u - 905, -2*u = 4*y - c. What is the hundreds digit of y?
7
Suppose 0 = h + 8 + 200. Let f be 65 - (20/16 + (-5)/20). What is the tens digit of (144/f)/((-6)/h)?
7
What is the thousands digit of 4700 - 3 - (-16)/(160/50)?
4
What is the tens digit of 6/30 + -6 + (-386592)/(-40)?
5
What is the thousands digit of ((-132024)/40)/(-1)*((-7)/(-3) + 1)?
1
Let f = 49 + -60. Let h = f + 14. Suppose h*t - 11 - 91 = 0. What is the units digit of t?
4
What is the ten thousands digit of (3 - 4599/(-12))/(-3 + (-2115)/(-700))?
1
Suppose -7*x = 5*y - 3*x - 1488, 0 = -2*y + 3*x + 609. Let f(t) = -t**2 + 14*t - 17. Let h be f(13). What is the units digit of (y/(-16) - 1)*h?
9
Suppose 58 = 3*h + 70, -4*h - 61 = -3*a. Suppose 5*v - a = 0, 2*z + 5*v - 655 - 678 = 0. What is the units digit of z?
9
Let f(t) = 152*t + 68. Let h be f(8). Suppose 6*a - h = 2040. What is the units digit of a?
4
Let k(z) = 6*z**2 + 47*z - 30. Suppose -5*v - 5*b = 90, -4*v + 3*v + 2*b - 3 = 0. What is the tens digit of k(v)?
7
Suppose 0 = v + 107*c - 106*c - 19401, -c + 38806 = 2*v. What is the thousands digit of v?
9
Let j = 182 + -59. Suppose 3*w + 49 = -86. Let y = j + w. What is the units digit of y?
8
Suppose 5405776 = 216*d + 836296. What is the units digit of d?
5
Suppose 0 = 4*d + 2*x + 3*x - 38689, -5*d = x - 48356. What is the units digit of d?
1
Suppose 1411 = -2*f - 5*i, 18*f - i = 22*f + 2867. Let q = 1296 + f. What is the tens digit of q?
7
Suppose -6*b + 24 = 6*b. Suppose -b*j + 0*j + 2 = 0, 3*q - j - 437 = 0. What is the tens digit of q?
4
Let c be (5/1 - -196) + 4. Suppose 212*f - 4368 = c*f. What is the hundreds digit of f?
6
Let z = -1195 - -611. Let b = -38 + 890. Let h = b + z. What is the tens digit of h?
6
Let g(s) = 2*s**2 + 60*s + 186. Let h be g(-28). Let n = 79 - 121. Let b = n + h. What is the tens digit of b?
3
Suppose -3*h - 12997 = -4*u, 10*h - 14*h = -3*u + 9753. What is the hundreds digit of u?
2
Let z be (41/164)/(2*(-2)/(-48)). What is the units digit of z/((-6)/(-1166)) - (-14 + 15)?
2
What is the hundreds digit of ((-44)/12)/((-1)/438) - -6?
6
Let l(f) = 96*f**2 - 291*f - 8803. What is the thousands digit of l(-29)?
0
Let y(m) = 5*m**2 - 82*m - 1939. What is the ten thousands digit of y(82)?
2
Let y be 34/(-4 - (-42)/9). Suppose a - 2*t + 9 + 5 = 0, -9 = -4*a - 5*t. Let z = a + y. What is the tens digit of z?
4
Let x(p) = p**3 + 6*p**2 + 158. Let h(n) =